 common factor of 88 and y?
8
Let v(h) = h + 6. Let p be v(-2). Let t = p - -10. Let l(z) = -z - 9. Let n be l(-11). Calculate the greatest common factor of n and t.
2
Let d be ((-1 - -5) + -4)/1. Suppose 4*j - 15*j + 264 = d. What is the highest common factor of j and 3?
3
Let l be (-4)/6*(-4 + (-2045)/10). Let t = l + 41. What is the highest common divisor of t and 20?
20
Suppose 4*c - 7 = b - 0, -66 = 4*b + 3*c. Let s be (20/b)/((-2)/33). Suppose s - 76 = -3*q. Calculate the greatest common factor of q and 45.
9
Let o(r) = 2*r**3 + 62*r**2 - 5*r - 137. Let v be o(-31). Let z be (18/5)/(2/30). Calculate the highest common divisor of v and z.
18
Suppose -5*a - r = -29, -3*a - 4*r = 2 - 16. What is the highest common divisor of 126 and a?
6
Let a = 17 - 0. Let w be a + (1 + 2)/3. Calculate the highest common divisor of w and 9.
9
Let p(q) = q**2 - 3*q - 6. Let c be p(5). Suppose -f + 216 = 23. Suppose -c*y + f = -27. What is the greatest common divisor of 22 and y?
11
Let h = 2 + 9. Let q = -7 + 10. Suppose -d + 58 = -3*l, -112 = -2*d + q*l - l. Calculate the greatest common factor of d and h.
11
Let l be ((-864)/84)/((1 + -2)/7). What is the highest common factor of 16 and l?
8
Let x(h) = 211*h**2 + 4*h + 2. Let b be x(-1). Calculate the highest common divisor of 33 and b.
11
Let n be (-34)/(-51) - (-10)/3. Suppose -2*b = 0, 3*u + u = n*b + 144. What is the greatest common divisor of u and 12?
12
Let c = -1634 + 1691. What is the highest common factor of c and 30?
3
Let p(a) = -a**2 + 15*a + 1. Let w be p(16). Let m be -6 + 2/2 - w. Calculate the greatest common factor of m and 170.
10
Let z(d) = 16*d + 360. Let h be z(-9). What is the highest common factor of h and 24?
24
Let x(z) = 54*z - 504. Let y be x(11). What is the highest common divisor of y and 1395?
45
Suppose 0 = 186*a - 188*a + 140. Calculate the highest common factor of 56 and a.
14
Suppose 2*p + 22 = 2*z, 5*z - 3*p - 45 = z. Let i be (3/(-2))/(2/(-8)). What is the highest common factor of i and z?
6
Let i be 11/(-2)*(-6 + -14). Suppose -6*p + i = -p. Let k be p - 4/2 - -4. What is the highest common factor of k and 8?
8
Let j(f) = -f**2 + 3*f + 7. Let w be j(6). Let s be w/(2/(-10)*1). Let z be 0/1 - (90/3)/(-6). Calculate the greatest common divisor of s and z.
5
Suppose -4*k = 3*d - 3*k - 80, 2*d = -4*k + 50. Calculate the greatest common factor of d and 63.
9
Suppose 0 = -4*c + 8, 69*c - 65*c = 4*k - 5404. What is the greatest common divisor of 33 and k?
33
Suppose -6*j = -4*j + 178. Let a = j + 149. Let s = 35 + -20. What is the greatest common divisor of a and s?
15
Let l be (-9)/15 + (-24512)/(-20). Suppose -125 = -5*t + l. What is the greatest common divisor of t and 15?
15
Let i be 18 - ((-2)/3)/(6/(-27)). Let t be (1 - 5) + i - -2. What is the highest common divisor of 52 and t?
13
Let g(v) = 6*v - 9. Let c be ((-6)/4)/((-27)/252). Let j be g(c). What is the highest common factor of j and 30?
15
Let b = 25537 + -25513. Suppose -2*l + 192 = -0*l. Calculate the highest common factor of b and l.
24
Suppose -r = c + 7 - 15, c + 1 = 0. What is the greatest common factor of 261 and r?
9
Let o(i) be the second derivative of 19*i**4/12 - i**3/6 - 3*i**2/2 - 3*i. Let d be o(3). Calculate the highest common divisor of 15 and d.
15
Let h(a) = 2*a - 5. Let r be h(4). Suppose k = -p + r*p - 49, -2*p - k = -59. What is the highest common factor of p and 18?
9
Suppose -8*h + 91 = -h. Suppose -4*o + 205 = h. Let a be (3 - (0 - -1))*3. Calculate the greatest common divisor of a and o.
6
Let j be 7 + 57/(-6) - 1/(-2). Let i be (j + 0)*234/(-12). What is the highest common divisor of 13 and i?
13
Let a be (-28)/(-126)*18/2. Let g be 4 - (2/(-6))/(4/(-36)). Calculate the greatest common divisor of a and g.
1
Let z = 78 - 75. Suppose -4*i = -8, 3*i = z*x - 34 - 224. Calculate the greatest common factor of x and 8.
8
Let f(k) = -15*k - 153. Let v(j) = 2*j + 22. Let c(r) = 4*f(r) + 27*v(r). Let w be c(-15). Calculate the greatest common divisor of w and 8.
8
Suppose 8*s + u - 188 = 4*s, s - 4*u - 64 = 0. Calculate the greatest common factor of s and 56.
8
Let f be 6/(-11) + (-5562)/(-33). What is the greatest common divisor of f and 8?
8
Let t = -9 + -2. Let q = -3 - t. Let u = q - -2. Calculate the greatest common factor of 4 and u.
2
Let t be ((-3)/12*6)/(18/(-48)). Suppose 3*k + t*r - 8 = 122, 5*r + 170 = 5*k. What is the greatest common factor of 19 and k?
19
Suppose 0 = 2*k - 0*k - 4*w, -2*k + 3*w + 2 = 0. Suppose 2*j - 22 = -0*r - k*r, -r = -5*j + 55. Calculate the highest common divisor of j and 110.
11
Let a be (-1)/(-6) - 54860/(-312). Calculate the highest common factor of a and 48.
16
Let k be (-4)/6 - 424/12. Let b(m) = -14*m**2 + 5*m + 5. Let p be b(-2). Let w = k - p. Calculate the highest common factor of w and 5.
5
Let s(t) = -149*t + 383. Let z be s(-8). Calculate the greatest common divisor of 21 and z.
21
Suppose 29*d = -5369 + 14620. Let s = 20 + 9. Calculate the greatest common factor of d and s.
29
Let x = -16 - -25. Let h(o) = -o**3 - 2*o**2 + 5*o - 3. Suppose -3 + 11 = -2*j. Let v be h(j). What is the highest common divisor of x and v?
9
Let b(t) = 24*t**2 - 5*t - 39. Let i be b(-4). What is the highest common factor of i and 219?
73
Let x = -28 - -35. Suppose -2*s = 5*n - 458, -4*s - 2*n + 6*n + 888 = 0. Suppose j + s = 5*j. What is the greatest common divisor of j and x?
7
Suppose d = -s + 8, 2*d - 5*s + 8*s = 21. Let p be (d/(-1) + 3)/(-3). Suppose p*z - 2*z = -4. What is the highest common factor of z and 2?
2
Let w(g) = 9 - 19*g**2 + 16*g + 20*g**2 + 10*g**2 - g**3. Let z be w(12). Calculate the highest common factor of 3 and z.
3
Let p be (-2 - (-3 - -2)) + 30. Suppose -371*v + 389*v = 522. What is the greatest common factor of v and p?
29
Let r = -2 - -84. What is the highest common factor of r and 41?
41
Suppose 0 = 11*s - 13*s + 432. Suppose 5*x + 116 = s. Let p(k) = k**3 - 3*k**2 - 5*k + 2. Let m be p(6). What is the highest common factor of m and x?
20
Let d = -33 - -45. Let j be (-306)/d*8/(-6). Suppose -12 = -3*m, 5*m = -f + 76 - 5. What is the highest common divisor of f and j?
17
Suppose 0 = 4*y - 17*y + 429. Let t = 55 - 33. Let w = t + -11. Calculate the greatest common divisor of y and w.
11
Let c be (-5)/25 - (-366)/5. Calculate the greatest common divisor of c and 73.
73
Let o(l) = -9*l**3 - 14*l**2 + 8*l + 49. Let c be o(-6). Calculate the highest common factor of c and 11.
11
Suppose 31 = s + 4. Let q(l) = -l**2 - 13*l - 19. Let b be q(-11). What is the highest common factor of s and b?
3
Let o = -234 + 262. What is the greatest common factor of 154 and o?
14
Suppose -10*h = 8*h - 2574. What is the highest common factor of h and 11?
11
Let l be ((-12)/(-18))/((-2)/(-12)). Calculate the greatest common divisor of 4 and l.
4
Let j(c) = -10 - 5 - 2*c + 16. Let g be j(-4). What is the greatest common factor of g and 6?
3
Let v be (1 + 1)*(25 + 2). Let c(g) = g**3 + 4*g**2 + 3*g. Let b be c(-2). Let o be 19 + 0 + b + -3. Calculate the greatest common divisor of v and o.
18
Suppose 3*q + 3 = -9. Let i be 12*q/((-8)/7). What is the greatest common divisor of 21 and i?
21
Suppose 550 = 3*j + 8*j. What is the highest common divisor of 10 and j?
10
Let s be 5/4 + (-443982)/(-744). Calculate the highest common divisor of s and 78.
26
Let z = -994 + 1045. Calculate the highest common factor of 34 and z.
17
Let o = -1468 + 2380. What is the greatest common divisor of 114 and o?
114
Let w be (-1)/(-2*2/180). Let z = 67 - w. Let h be -22*(2 + 0 + -4). Calculate the greatest common factor of z and h.
22
Let l be 3/(-3 - 6489/(-2156)). What is the greatest common divisor of l and 231?
77
Let o = 223 + -183. Calculate the highest common factor of o and 640.
40
Let v = 507 - 363. Calculate the greatest common divisor of 32 and v.
16
Let s be 52/(-286) + 2785/11. What is the greatest common factor of 22 and s?
11
Let m = 515 + 517. Calculate the highest common factor of m and 36.
12
Let i(d) = 84*d - 1081. Let f be i(13). Suppose -3*l = p - 161, l + 5*p - 145 = -2*l. Calculate the highest common divisor of f and l.
11
Suppose 0 = 193*b - 176*b - 391. Calculate the greatest common factor of b and 184.
23
Let l = 12 - 8. Let o = 3 + 19. Let u = o - l. Calculate t